{"id":229,"date":"2023-08-21T14:25:08","date_gmt":"2023-08-21T12:25:08","guid":{"rendered":"https:\/\/valleedeslarmes.noblogs.org\/?page_id=229"},"modified":"2024-01-24T02:00:15","modified_gmt":"2024-01-24T01:00:15","slug":"technologie-ecologie","status":"publish","type":"page","link":"https:\/\/valleedeslarmes.noblogs.org\/?page_id=229","title":{"rendered":"Technologie, \u00e9cologie, civilisation"},"content":{"rendered":"<p>On propose ici une liste de textes\/vid\u00e9os\/sons qui nous ont marqu\u00e9s en lien avec la technologie et\/ou l&rsquo;\u00e9cologie. Pas uniquement des trucs anar.<\/p>\n<p>Clique sur les liens pour trouver ces ressources en int\u00e9gralit\u00e9 en ligne.<\/p>\n<p>&nbsp;<\/p>\n<p>\u00b0brochures\/articles:<\/p>\n<ul>\n<li><a href=\"https:\/\/infokiosques.net\/spip.php?article1671\">Plut\u00f4t mourir que perdre sa vie<\/a>. N&rsquo;drea. 1992<\/li>\n<li>Ma randonn\u00e9e sans balise, anonyme, 2020 (distro uniquement)<\/li>\n<li><a href=\"https:\/\/www.infokiosques.net\/spip.php?article1805\">Trans n&rsquo;est pas transhumanisme<\/a>. Alex B. 2018<\/li>\n<li><a href=\"https:\/\/tarage.noblogs.org\/adresse-a-tos-ceux-qui-ne-veulent-pas-gerer-les-nuisances-mais-les-supprimer-encyclopedie-des-nuisances\/\">Adresse \u00e0 tous ceux qui ne veulent pas g\u00e9rer les nuisances mais les supprimer<\/a>. Encyclop\u00e9die des nuisances. 1999<\/li>\n<li><a href=\"https:\/\/tarage.noblogs.org\/le-systeme-pierre-rhabi-jean-baptiste-malet\/\">Le syst\u00e8me Pierre Rabh<\/a>i. Jean-Baptiste Malet. Sur le Monde Diplomatique<\/li>\n<\/ul>\n<p>\u00b0podcasts:<\/p>\n<ul>\n<li><a href=\"https:\/\/spectremedia.org\/zoom-ecologie\/\">Bilan critique du courant anti-industriel<\/a>. Zoom \u00e9cologie #31. Fr\u00e9quence Paris Plurielle<\/li>\n<\/ul>\n<p>\u00b0livres:<\/p>\n<ul>\n<li><a href=\"https:\/\/valleedeslarmes.noblogs.org\/files\/2023\/08\/Pour-une-ecologie-pirate-Ouassak-Fatima.pdf\">Pour une \u00e9cologie pirate<\/a>. Fatima Ouassak. 2023. [chroniqu\u00e9<a href=\"https:\/\/valleedeslarmes.noblogs.org\/?p=158\"> ici<\/a>]<\/li>\n<li>Une \u00e9cologie d\u00e9coloniale, penser l&rsquo;\u00e9cologie depuis le monde carib\u00e9en. Malcolm Ferdinand. chez Seuil. 2019<a href=\"https:\/\/ref.lamartinieregroupe.com\/media\/9782021388497\/138849_extrait_Extrait_0.pdf\"> [extrait]<\/a><\/li>\n<li>Ni or ni ma\u00eetre, montagne d&rsquo;or et consorts. collectif. Les \u00e9ditions du couac. 2019 (distro uniquement)<\/li>\n<li>Nous n&rsquo;irons plus pointer chez Ga\u00efa, jours de travail \u00e0 Kokopelli. Le Grimm. les \u00e9ditions du bout de la ville. 2017<\/li>\n<li><a href=\"https:\/\/jugurtha.noblogs.org\/files\/2018\/07\/catastrophisme-administration-Jaime-Semprun.pdf\">Catastrophisme, administration du d\u00e9sastre et soumission durable.<\/a> Ren\u00e9 Riesel et Jaime Semprun. L&rsquo;encyclop\u00e9die des nuissances. 2008<\/li>\n<li>Homo Domesticus. James C. Scott. La D\u00e9couverte. 2017<\/li>\n<li>Zomia, ou l&rsquo;art de ne pas \u00eatre gouvern\u00e9. James C. Scott. Le Seuil. 2013 [<a href=\"https:\/\/ec56229aec51f1baff1d-185c3068e22352c56024573e929788ff.ssl.cf1.rackcdn.com\/attachments\/original\/8\/5\/3\/002598853.pdf\">extrait<\/a>]<\/li>\n<li>1984. Georges Orwell. 1948<\/li>\n<\/ul>\n","protected":false},"excerpt":{"rendered":"<p>On propose ici une liste de textes\/vid\u00e9os\/sons qui nous ont marqu\u00e9s en lien avec la technologie et\/ou l&rsquo;\u00e9cologie. Pas uniquement des trucs anar. Clique sur les liens pour trouver ces ressources en int\u00e9gralit\u00e9 en ligne. &nbsp; \u00b0brochures\/articles: Plut\u00f4t mourir que perdre sa vie. N&rsquo;drea. 1992 Ma randonn\u00e9e sans balise, anonyme, 2020 (distro uniquement) Trans n&rsquo;est<a class=\"more-link\" href=\"https:\/\/valleedeslarmes.noblogs.org\/?page_id=229\">Continue reading <span class=\"screen-reader-text\">\u00ab\u00a0Technologie, \u00e9cologie, civilisation\u00a0\u00bb<\/span><\/a><\/p>\n","protected":false},"author":19294,"featured_media":0,"parent":0,"menu_order":0,"comment_status":"closed","ping_status":"closed","template":"","meta":{"footnotes":""},"class_list":["post-229","page","type-page","status-publish","hentry","entry"],"_links":{"self":[{"href":"https:\/\/valleedeslarmes.noblogs.org\/index.php?rest_route=\/wp\/v2\/pages\/229","targetHints":{"allow":["GET"]}}],"collection":[{"href":"https:\/\/valleedeslarmes.noblogs.org\/index.php?rest_route=\/wp\/v2\/pages"}],"about":[{"href":"https:\/\/valleedeslarmes.noblogs.org\/index.php?rest_route=\/wp\/v2\/types\/page"}],"author":[{"embeddable":true,"href":"https:\/\/valleedeslarmes.noblogs.org\/index.php?rest_route=\/wp\/v2\/users\/19294"}],"replies":[{"embeddable":true,"href":"https:\/\/valleedeslarmes.noblogs.org\/index.php?rest_route=%2Fwp%2Fv2%2Fcomments&post=229"}],"version-history":[{"count":13,"href":"https:\/\/valleedeslarmes.noblogs.org\/index.php?rest_route=\/wp\/v2\/pages\/229\/revisions"}],"predecessor-version":[{"id":443,"href":"https:\/\/valleedeslarmes.noblogs.org\/index.php?rest_route=\/wp\/v2\/pages\/229\/revisions\/443"}],"wp:attachment":[{"href":"https:\/\/valleedeslarmes.noblogs.org\/index.php?rest_route=%2Fwp%2Fv2%2Fmedia&parent=229"}],"curies":[{"name":"wp","href":"https:\/\/api.w.org\/{rel}","templated":true}]}}